{"id":46,"date":"2023-11-14T15:56:57","date_gmt":"2023-11-14T14:56:57","guid":{"rendered":"https:\/\/rescateanimal.org\/?page_id=46"},"modified":"2024-05-09T03:54:57","modified_gmt":"2024-05-09T01:54:57","slug":"preguntas-frecuentes","status":"publish","type":"page","link":"https:\/\/rescateanimal.org\/preguntas-frecuentes\/","title":{"rendered":"Preguntas frecuentes"},"content":{"rendered":"\n\n\t<section class=\"section bg-faq\" id=\"section_15965097\">\n\t\t<div class=\"section-bg fill\" >\n\t\t\t<img loading=\"lazy\" decoding=\"async\" width=\"1920\" height=\"923\" src=\"https:\/\/rescateanimal.org\/wp-content\/uploads\/2024\/05\/INSUMOS-54.png\" class=\"bg attachment-original size-original\" alt=\"\" \/>\t\t\t\t\t\t\n\t\t\t\n\n\t\t<\/div>\n\n\t\t\n\n\t\t<div class=\"section-content relative\">\n\t\t\t\n\n<div class=\"row row-full-width align-middle align-center\"  id=\"row-1822949922\">\n\n\n\t<div id=\"col-1390348661\" class=\"col small-12 large-12\"  >\n\t\t\t\t<div class=\"col-inner\"  >\n\t\t\t\n\t\t\t\n\n\t<div id=\"text-3826642491\" class=\"text\">\n\t\t\n\n<h2>PREGUNTAS FRECUENTES<\/h2>\n\t\t\n<style>\n#text-3826642491 {\n  text-align: center;\n  color: rgb(255, 52, 41);\n}\n#text-3826642491 > * {\n  color: rgb(255, 52, 41);\n}\n<\/style>\n\t<\/div>\n\t\n\n\t\t<\/div>\n\t\t\t\t\t<\/div>\n\n\t\n\n\t<div id=\"col-2068391965\" class=\"col medium-7 small-12 large-7\"  data-animate=\"fadeInUp\">\n\t\t\t\t<div class=\"col-inner text-left\"  >\n\t\t\t\n\t\t\t\n\n<div class=\"accordion\">\n\n\t<div id=\"accordion-3749829230\" class=\"accordion-item\">\n\t\t<a id=\"accordion-3749829230-label\" class=\"accordion-title plain\" href=\"#accordion-item-\u00bfc\u00f3mo-se-financia-rescate-animal?\" aria-expanded=\"false\" aria-controls=\"accordion-3749829230-content\">\n\t\t\t<button class=\"toggle\" aria-label=\"Toggle\"><i class=\"icon-angle-down\" aria-hidden=\"true\"><\/i><\/button>\n\t\t\t<span>\u00bfC\u00f3mo se financia Rescate Animal?<\/span>\n\t\t<\/a>\n\t\t<div id=\"accordion-3749829230-content\" class=\"accordion-inner\" aria-labelledby=\"accordion-3749829230-label\">\n\t\t\t\n\n\t<div id=\"text-3892200645\" class=\"text\">\n\t\t\n\n<p><b>Donaciones econ\u00f3micas:<\/b><span style=\"font-weight: 400;\"> Rescate Animal posee 4 cuentas bancarias, por medio de las cuales recibe donaciones de quienes deseen colaborar con el trabajo que realiza la Asociaci\u00f3n.\u00a0<\/span><\/p>\n<p><b>Donaciones materiales: <\/b><span style=\"font-weight: 400;\">Rescate Animal cuenta con alianzas con empresas como Super Perro, qui\u00e9n realiza un aporte mensual de su marca de alimento. As\u00ed mismo, la Asociaci\u00f3n cuenta con el apoyo de otras personas, que de forma voluntaria realizan aportes a esta causa, no solo de alimento, sino de otros bienes materiales.\u00a0<\/span><\/p>\n<p><b>Galletas Deliguau:<\/b><span style=\"font-weight: 400;\"> Rescate Animal cuenta con la producci\u00f3n, distribuci\u00f3n y venta de las galletas Deliguau, marca Rescate Animal, las cuales se venden en distintos centros comerciales y supermercados del pa\u00eds.\u00a0<\/span><\/p>\n<p><b>ARA Shop: <\/b><span style=\"font-weight: 400;\">Rescate Animal tiene su tienda en l\u00ednea (ARA Shop) la cual ofrece productos para mascotas y personas amantes de las mascotas; y su objetivo principal es recaudar fondos para financiar el trabajo de rescate realizado por la Organizaci\u00f3n.<\/span><\/p>\n\t\t\n<style>\n#text-3892200645 {\n  text-align: left;\n}\n<\/style>\n\t<\/div>\n\t\n\n\t\t<\/div>\n\t<\/div>\n\t\n\t<div id=\"accordion-284989671\" class=\"accordion-item\">\n\t\t<a id=\"accordion-284989671-label\" class=\"accordion-title plain\" href=\"#accordion-item-\u00bfc\u00f3mo-se-hacen-donaciones?\" aria-expanded=\"false\" aria-controls=\"accordion-284989671-content\">\n\t\t\t<button class=\"toggle\" aria-label=\"Toggle\"><i class=\"icon-angle-down\" aria-hidden=\"true\"><\/i><\/button>\n\t\t\t<span>\u00bfC\u00f3mo se hacen donaciones?<\/span>\n\t\t<\/a>\n\t\t<div id=\"accordion-284989671-content\" class=\"accordion-inner\" aria-labelledby=\"accordion-284989671-label\">\n\t\t\t\n\n\t<div id=\"text-121678160\" class=\"text\">\n\t\t\n\n<p><span style=\"font-weight: 400;\">Rescate Animal posee 4 cuentas bancarias y una cuenta en PAYPAL, por medio de las cuales recibe donaciones de quienes deseen colaborar con el trabajo que realiza la Asociaci\u00f3n.\u00a0Para realizar donaciones en especie puede comunicarse al WhatsApp al n\u00famero +506 6005-2505 y coordinar con nuestro equipo la entrega.<\/span><\/p>\n\t\t\n<style>\n#text-121678160 {\n  text-align: left;\n}\n<\/style>\n\t<\/div>\n\t\n\n\t\t<\/div>\n\t<\/div>\n\t\n\t<div id=\"accordion-476623204\" class=\"accordion-item\">\n\t\t<a id=\"accordion-476623204-label\" class=\"accordion-title plain\" href=\"#accordion-item-si-tengo-un-animal-que-ya-no-pueden-mantener-o-que-me-lo-encontr\u00e9-en-la-calle,-\u00bfcu\u00e1l-es-el-mecanismo-para-llevarlo-a-rescate-animal?\" aria-expanded=\"false\" aria-controls=\"accordion-476623204-content\">\n\t\t\t<button class=\"toggle\" aria-label=\"Toggle\"><i class=\"icon-angle-down\" aria-hidden=\"true\"><\/i><\/button>\n\t\t\t<span>Si tengo un animal que ya no pueden mantener o que me lo encontr\u00e9 en la calle, \u00bfcu\u00e1l es el mecanismo para llevarlo a Rescate Animal?<\/span>\n\t\t<\/a>\n\t\t<div id=\"accordion-476623204-content\" class=\"accordion-inner\" aria-labelledby=\"accordion-476623204-label\">\n\t\t\t\n\n\t<div id=\"text-3794344079\" class=\"text\">\n\t\t\n\n<p><span style=\"font-weight: 400;\">Para pedidos de ayuda debe enviar un WhatsApp al n\u00famero <\/span><span style=\"font-weight: 400;\">+506 6005-2505 <\/span><span style=\"font-weight: 400;\">y realizar la consulta a nuestro equipo. Rescate Animal ARA no es un refugio por tanto nuestro espacio y capacidad de atenci\u00f3n es limitada y tiene como prioridad la atenci\u00f3n de perros callejeros. Nuestro equipo eval\u00faa cada pedido de ayuda de manera independiente. <\/span><\/p>\n\t\t\n<style>\n#text-3794344079 {\n  text-align: left;\n}\n<\/style>\n\t<\/div>\n\t\n\n\t\t<\/div>\n\t<\/div>\n\t\n\t<div id=\"accordion-2017599287\" class=\"accordion-item\">\n\t\t<a id=\"accordion-2017599287-label\" class=\"accordion-title plain\" href=\"#accordion-item-\u00bfaceptan-voluntariados?\" aria-expanded=\"false\" aria-controls=\"accordion-2017599287-content\">\n\t\t\t<button class=\"toggle\" aria-label=\"Toggle\"><i class=\"icon-angle-down\" aria-hidden=\"true\"><\/i><\/button>\n\t\t\t<span>\u00bfAceptan voluntariados?<\/span>\n\t\t<\/a>\n\t\t<div id=\"accordion-2017599287-content\" class=\"accordion-inner\" aria-labelledby=\"accordion-2017599287-label\">\n\t\t\t\n\n\t<div id=\"text-3559117282\" class=\"text\">\n\t\t\n\n<p><span style=\"font-weight: 400;\">Para hacer voluntariados, trabajos comunales o TCU puede enviar una solicitud formal al correo <\/span><a href=\"mailto:centro@rescateanimal.org\"><span style=\"font-weight: 400;\">centro@rescateanimal.org<\/span><\/a><\/p>\n\t\t\n<style>\n#text-3559117282 {\n  text-align: left;\n}\n<\/style>\n\t<\/div>\n\t\n\n\t\t<\/div>\n\t<\/div>\n\t\n\t<div id=\"accordion-3704808808\" class=\"accordion-item\">\n\t\t<a id=\"accordion-3704808808-label\" class=\"accordion-title plain\" href=\"#accordion-item-\u00bfqu\u00e9-hacen-con-los-animales-una-vez-ya-recuperaron-su-salud?\" aria-expanded=\"false\" aria-controls=\"accordion-3704808808-content\">\n\t\t\t<button class=\"toggle\" aria-label=\"Toggle\"><i class=\"icon-angle-down\" aria-hidden=\"true\"><\/i><\/button>\n\t\t\t<span>\u00bfQu\u00e9 hacen con los animales una vez ya recuperaron su salud?<\/span>\n\t\t<\/a>\n\t\t<div id=\"accordion-3704808808-content\" class=\"accordion-inner\" aria-labelledby=\"accordion-3704808808-label\">\n\t\t\t\n\n\t<div id=\"text-213128343\" class=\"text\">\n\t\t\n\n<p><span style=\"font-weight: 400;\">Rescate Animal cuenta con un protocolo de adopciones riguroso para le elecci\u00f3n de las familias que permanecer\u00e1n con nuestros rescatados. Para solicitar una adopci\u00f3n debe enviar un correo al correo electr\u00f3nico <\/span><a href=\"mailto:adopciones@rescateanimal.org\"><span style=\"font-weight: 400;\">adopciones@rescateanimal.org<\/span><\/a><\/p>\n\t\t\n<style>\n#text-213128343 {\n  text-align: left;\n}\n<\/style>\n\t<\/div>\n\t\n\n\t\t<\/div>\n\t<\/div>\n\t\n\t<div id=\"accordion-3717511648\" class=\"accordion-item\">\n\t\t<a id=\"accordion-3717511648-label\" class=\"accordion-title plain\" href=\"#accordion-item-\u00bfsolo-aceptan-perros-y-gatos?\" aria-expanded=\"false\" aria-controls=\"accordion-3717511648-content\">\n\t\t\t<button class=\"toggle\" aria-label=\"Toggle\"><i class=\"icon-angle-down\" aria-hidden=\"true\"><\/i><\/button>\n\t\t\t<span>\u00bfSolo aceptan perros y gatos?<\/span>\n\t\t<\/a>\n\t\t<div id=\"accordion-3717511648-content\" class=\"accordion-inner\" aria-labelledby=\"accordion-3717511648-label\">\n\t\t\t\n\n\t<div id=\"text-95902995\" class=\"text\">\n\t\t\n\n<p><span style=\"font-weight: 400;\">Si, nuestra organizaci\u00f3n rescata animales dom\u00e9sticos, perros y gatos \u00fanicamente.<\/span><\/p>\n\t\t\n<style>\n#text-95902995 {\n  text-align: left;\n}\n<\/style>\n\t<\/div>\n\t\n\n\t\t<\/div>\n\t<\/div>\n\t\n\t<div id=\"accordion-500775414\" class=\"accordion-item\">\n\t\t<a id=\"accordion-500775414-label\" class=\"accordion-title plain\" href=\"#accordion-item-\u00bfc\u00f3mo-es-el-proceso-de-adopci\u00f3n?\" aria-expanded=\"false\" aria-controls=\"accordion-500775414-content\">\n\t\t\t<button class=\"toggle\" aria-label=\"Toggle\"><i class=\"icon-angle-down\" aria-hidden=\"true\"><\/i><\/button>\n\t\t\t<span>\u00bfC\u00f3mo es el proceso de adopci\u00f3n?<\/span>\n\t\t<\/a>\n\t\t<div id=\"accordion-500775414-content\" class=\"accordion-inner\" aria-labelledby=\"accordion-500775414-label\">\n\t\t\t\n\n\t<div id=\"text-2137642129\" class=\"text\">\n\t\t\n\n<p><span style=\"font-weight: 400;\">Para solicitudes de adopci\u00f3n debe enviar un correo a <\/span><a href=\"mailto:adopciones@rescateanimal.org\"><span style=\"font-weight: 400;\">adopciones@rescateanimal.org<\/span><\/a><span style=\"font-weight: 400;\"> indicando cual es el perrito\/gatito de su inter\u00e9s; enviamos una entrevista, la cual debe ser respondida en su totalidad y con el mayor detalle posible. Una vez que revisan todas las solicitudes de adopci\u00f3n, nuestro equipo se comunicar\u00e1 v\u00eda whatsapp con la familia elegida.<\/span><\/p>\n\t\t\n<style>\n#text-2137642129 {\n  text-align: left;\n}\n<\/style>\n\t<\/div>\n\t\n\n\t\t<\/div>\n\t<\/div>\n\t\n\t<div id=\"accordion-3497577135\" class=\"accordion-item\">\n\t\t<a id=\"accordion-3497577135-label\" class=\"accordion-title plain\" href=\"#accordion-item-\u00bfen-qu\u00e9-otra-forma-puedo-ayudar?\" aria-expanded=\"false\" aria-controls=\"accordion-3497577135-content\">\n\t\t\t<button class=\"toggle\" aria-label=\"Toggle\"><i class=\"icon-angle-down\" aria-hidden=\"true\"><\/i><\/button>\n\t\t\t<span>\u00bfEn qu\u00e9 otra forma puedo ayudar?<\/span>\n\t\t<\/a>\n\t\t<div id=\"accordion-3497577135-content\" class=\"accordion-inner\" aria-labelledby=\"accordion-3497577135-label\">\n\t\t\t\n\n\t<div id=\"text-196791440\" class=\"text\">\n\t\t\n\n<p>La Asociaci\u00f3n Rescate Animal es una Asociaci\u00f3n sin fines de lucro, financiada completamente donaciones econ\u00f3micas y materiales. Tambi\u00e9n el 100% de la utilidad por la venta de nuestros productos en la tienda ARA, se dedican a financiar a nuestra asociaci\u00f3n y sus acciones.<\/p>\n\t\t\n<style>\n#text-196791440 {\n  text-align: left;\n}\n<\/style>\n\t<\/div>\n\t\n\n\t\t<\/div>\n\t<\/div>\n\t\n\n<\/div>\n\n\t\t<\/div>\n\t\t\t\t\t<\/div>\n\n\t\n\n\n<style>\n#row-1822949922 > .col > .col-inner {\n  padding: 25px 0px 0px 0px;\n}\n<\/style>\n<\/div>\n<div class=\"row row-collapse row-full-width\"  id=\"row-348816836\">\n\n\n\t<div id=\"col-158947045\" class=\"col medium-6 large-6\"  >\n\t\t\t\t<div class=\"col-inner\"  >\n\t\t\t\n\t\t\t\n\n\t<div class=\"img has-hover x md-x lg-x y md-y lg-y\" id=\"image_238859606\">\n\t\t\t\t\t\t\t\t<div class=\"img-inner dark\" >\n\t\t\t<img loading=\"lazy\" decoding=\"async\" width=\"1075\" height=\"372\" src=\"https:\/\/rescateanimal.org\/wp-content\/uploads\/2023\/11\/pie2.png\" class=\"attachment-original size-original\" alt=\"\" srcset=\"https:\/\/rescateanimal.org\/wp-content\/uploads\/2023\/11\/pie2.png 1075w, https:\/\/rescateanimal.org\/wp-content\/uploads\/2023\/11\/pie2-600x208.png 600w, https:\/\/rescateanimal.org\/wp-content\/uploads\/2023\/11\/pie2-300x104.png 300w, https:\/\/rescateanimal.org\/wp-content\/uploads\/2023\/11\/pie2-1024x354.png 1024w, https:\/\/rescateanimal.org\/wp-content\/uploads\/2023\/11\/pie2-768x266.png 768w\" sizes=\"auto, (max-width: 1075px) 100vw, 1075px\" \/>\t\t\t\t\t\t\n\t\t\t\t\t<\/div>\n\t\t\t\t\t\t\t\t\n<style>\n#image_238859606 {\n  width: 80%;\n}\n<\/style>\n\t<\/div>\n\t\n\n\n\t\t<\/div>\n\t\t\t\t\n<style>\n#col-158947045 > .col-inner {\n  padding: 0px 0px 0px 0px;\n  margin: 0px 0px 0px 0px;\n}\n<\/style>\n\t<\/div>\n\n\t\n\n\n<style>\n#row-348816836 > .col > .col-inner {\n  padding: 0px 0px 0px 0px;\n}\n<\/style>\n<\/div>\n\n\t\t<\/div>\n\n\t\t\n<style>\n#section_15965097 {\n  padding-top: 0px;\n  padding-bottom: 0px;\n}\n<\/style>\n\t<\/section>\n\t\n\n","protected":false},"excerpt":{"rendered":"","protected":false},"author":1,"featured_media":0,"parent":0,"menu_order":0,"comment_status":"closed","ping_status":"closed","template":"page-blank.php","meta":{"footnotes":""},"class_list":["post-46","page","type-page","status-publish","hentry"],"_links":{"self":[{"href":"https:\/\/rescateanimal.org\/wp-json\/wp\/v2\/pages\/46","targetHints":{"allow":["GET"]}}],"collection":[{"href":"https:\/\/rescateanimal.org\/wp-json\/wp\/v2\/pages"}],"about":[{"href":"https:\/\/rescateanimal.org\/wp-json\/wp\/v2\/types\/page"}],"author":[{"embeddable":true,"href":"https:\/\/rescateanimal.org\/wp-json\/wp\/v2\/users\/1"}],"replies":[{"embeddable":true,"href":"https:\/\/rescateanimal.org\/wp-json\/wp\/v2\/comments?post=46"}],"version-history":[{"count":0,"href":"https:\/\/rescateanimal.org\/wp-json\/wp\/v2\/pages\/46\/revisions"}],"wp:attachment":[{"href":"https:\/\/rescateanimal.org\/wp-json\/wp\/v2\/media?parent=46"}],"curies":[{"name":"wp","href":"https:\/\/api.w.org\/{rel}","templated":true}]}}